{"id":111,"date":"2024-04-24T15:21:26","date_gmt":"2024-04-24T13:21:26","guid":{"rendered":"https:\/\/odalie.com\/?page_id=111"},"modified":"2026-04-19T22:14:32","modified_gmt":"2026-04-19T20:14:32","slug":"lagenda","status":"publish","type":"page","link":"https:\/\/odalie.com\/index.php\/lagenda\/","title":{"rendered":"L&#8217;agenda"},"content":{"rendered":"\n<p class=\"has-text-color has-link-color wp-elements-7c597403fdb4d20724a3a739b033c7ca\" style=\"color:#757675ad\"><strong>mercredi 8 avril \u00e0 Saint Lions: journ\u00e9e greffe et taille de fruitiers<\/strong><\/p>\n\n\n\n<p class=\"has-text-color has-link-color wp-elements-fdfc061f7642dbe77c5ba73b461e5b8f\" style=\"color:#5d0202\"><strong>samedi 23 mai \u00e0 Barr\u00eame: musique arabo-andalouse<\/strong><\/p>\n\n\n\n<p><strong>samedi 27 juin au refuge de Congerman: musique baroque<\/strong><\/p>\n\n\n\n<p class=\"has-text-color has-link-color wp-elements-60c4115d4a4e6c0eb82718e7655650b2\" style=\"color:#3f05b5\"><strong>FESTIVAL LA MONTAGNE EST JAZZ 2026<\/strong><\/p>\n\n\n\n<p class=\"has-text-color has-link-color wp-elements-5be703cfaa939060afad6a04ebfe6c42\" style=\"color:#3f05b5\">    <strong>samedi 18 juillet \u00e0 Barr\u00eame<\/strong><\/p>\n\n\n\n<p class=\"has-text-color has-link-color wp-elements-1a4d6227dec90af87ae70902cb60c4ea\" style=\"color:#3f05b5\">    <strong>samedi 25 juillet \u00e0 Villars-Colmars<\/strong><\/p>\n\n\n\n<p class=\"has-text-color has-link-color wp-elements-eff9144122fc3eaec2357c8102ee1037\" style=\"color:#3f05b5\">    <strong>samedi 15 ao\u00fbt \u00e0 La Mure-Argens <\/strong><\/p>\n\n\n\n<p class=\"has-text-color has-link-color wp-elements-65290757eba60425738210d7f9b14c05\" style=\"color:#3f05b5\">    <strong>samedi 22 ao\u00fbt \u00e0 Clumanc<\/strong><\/p>\n\n\n\n<details class=\"wp-block-details is-layout-flow wp-block-details-is-layout-flow\"><summary>Details<\/summary>\n<p>essai de caract\u00e8res<\/p>\n<\/details>\n","protected":false},"excerpt":{"rendered":"<p>mercredi 8 avril \u00e0 Saint Lions: journ\u00e9e greffe et taille de fruitiers samedi 23 mai \u00e0 Barr\u00eame: musique arabo-andalouse samedi 27 juin au refuge de Congerman: musique baroque FESTIVAL LA MONTAGNE EST JAZZ 2026 samedi 18 juillet \u00e0 Barr\u00eame samedi 25 juillet \u00e0 Villars-Colmars samedi 15 ao\u00fbt \u00e0 La Mure-Argens samedi 22 ao\u00fbt \u00e0 Clumanc<\/p>\n","protected":false},"author":1,"featured_media":0,"parent":0,"menu_order":0,"comment_status":"closed","ping_status":"closed","template":"","meta":{"footnotes":""},"_links":{"self":[{"href":"https:\/\/odalie.com\/index.php\/wp-json\/wp\/v2\/pages\/111"}],"collection":[{"href":"https:\/\/odalie.com\/index.php\/wp-json\/wp\/v2\/pages"}],"about":[{"href":"https:\/\/odalie.com\/index.php\/wp-json\/wp\/v2\/types\/page"}],"author":[{"embeddable":true,"href":"https:\/\/odalie.com\/index.php\/wp-json\/wp\/v2\/users\/1"}],"replies":[{"embeddable":true,"href":"https:\/\/odalie.com\/index.php\/wp-json\/wp\/v2\/comments?post=111"}],"version-history":[{"count":18,"href":"https:\/\/odalie.com\/index.php\/wp-json\/wp\/v2\/pages\/111\/revisions"}],"predecessor-version":[{"id":549,"href":"https:\/\/odalie.com\/index.php\/wp-json\/wp\/v2\/pages\/111\/revisions\/549"}],"wp:attachment":[{"href":"https:\/\/odalie.com\/index.php\/wp-json\/wp\/v2\/media?parent=111"}],"curies":[{"name":"wp","href":"https:\/\/api.w.org\/{rel}","templated":true}]}}