{"id":239,"date":"2025-02-03T19:05:49","date_gmt":"2025-02-03T18:05:49","guid":{"rendered":"https:\/\/odalie.com\/?page_id=239"},"modified":"2026-04-15T12:20:29","modified_gmt":"2026-04-15T10:20:29","slug":"evenements-a-venir","status":"publish","type":"page","link":"https:\/\/odalie.com\/index.php\/evenements-a-venir\/","title":{"rendered":"Tous les \u00e9v\u00e9nements"},"content":{"rendered":"\n<p class=\"has-text-align-center\"><strong>Festival &#8220;La Montagne est Jazz&#8221;, du 18 juillet au 22 ao\u00fbt 2026<\/strong><\/p>\n\n\n\n<figure class=\"wp-block-image aligncenter size-full is-resized\"><img loading=\"lazy\" decoding=\"async\" width=\"190\" height=\"215\" src=\"https:\/\/odalie.com\/wp-content\/uploads\/2025\/04\/notes-musique-1.png\" alt=\"\" class=\"wp-image-321\" style=\"width:34px;height:auto\"\/><\/figure>\n\n\n\n<p class=\"has-text-align-center has-text-color has-link-color has-medium-font-size wp-elements-f0da077313691750462b07634c9b693d\" style=\"color:#057c1a\"><strong>Journ\u00e9e greffe et taille de fruitiers<\/strong><\/p>\n\n\n\n<p class=\"has-text-align-center has-medium-font-size\"><strong>mercredi 8 avril \u00e0 Saint Lions<\/strong><\/p>\n\n\n\n<p class=\"has-small-font-size\">Le secteur de Saint Lions et Barr\u00eame \u00e9tait r\u00e9put\u00e9 pour ses Perdigones, prunes locales souvent s\u00each\u00e9es, aujourd&#8217;hui presque disparues. Les arbres fruitiers font partie de notre patrimoine culturel. Le greffage et l&#8217;entretion de fruitiers anciens permettent de sauvegarder et de r\u00e9introduire des vari\u00e9t\u00e9s anciennes adapt\u00e9es \u00e0 des conditions climatiques locales<strong>.<\/strong><\/p>\n\n\n\n<p class=\"has-small-font-size\">C&#8217;est avec cet objectif que l&#8217;association &#8220;Les Croqueurs de Pommes&#8221; propose une journ\u00e9e de stage de greffage et taille de fruitiers.<\/p>\n\n\n\n<p class=\"has-small-font-size\">Au programme: expos\u00e9 th\u00e9orique, pratiques de greffages sur branchages, greffages sur porte-greffes pour ceux qui veulent acheter un arbre (\u00e0 5 euros), surgreffage sur arbre en place, taille sur arbres, ..<strong>.<\/strong><\/p>\n\n\n\n<p class=\"has-text-align-center has-text-color has-link-color has-small-font-size wp-elements-9b98ee25b37c5d9ba955b2609c2e4805\" style=\"color:#0e3d02\">Rendez-vous \u00e0 9h30 \u00e0 La For\u00eat Haute<strong>,<\/strong><\/p>\n\n\n\n<p class=\"has-text-align-center has-text-color has-link-color has-small-font-size wp-elements-62d62c1c56bc0ee874b1dd1288b9cf18\" style=\"color:#0e3d02\">04330 Saint Lions<\/p>\n\n\n\n<p class=\"has-text-align-center has-text-color has-link-color has-small-font-size wp-elements-9caca7a7fe3d9a457eebbed742052457\" style=\"color:#0e3d02\"><\/p>\n\n\n\n<p class=\"has-text-align-center has-small-font-size\"><strong>Journ\u00e9e organis\u00e9e par les associations<\/strong><\/p>\n\n\n\n<p class=\"has-text-align-center has-small-font-size\"><strong>&#8220;Les Croqueurs de Pommes&#8221; et &#8220;Odalie&#8221;<\/strong><\/p>\n\n\n\n<p class=\"has-text-align-center\">_____<\/p>\n\n\n\n<p class=\"has-text-align-center has-text-color has-link-color has-large-font-size wp-elements-f97b5df9b1f96644b5fdfa63794e73e4\" style=\"color:#1d700a\"><strong>Concert au Refuge de Congerman<\/strong><\/p>\n\n\n\n<p class=\"has-text-align-center has-text-color has-link-color has-large-font-size wp-elements-31bca9ebb1a325da7b7b1a1c07241685\" style=\"color:#1d700a\"><strong>samedi 27 juin \u00e0 14h<\/strong><\/p>\n\n\n\n<p class=\"has-text-align-center\"><strong>entr\u00e9e libre<\/strong><\/p>\n\n\n\n<figure class=\"wp-block-image size-full\"><img loading=\"lazy\" decoding=\"async\" width=\"700\" height=\"525\" src=\"https:\/\/odalie.com\/wp-content\/uploads\/2026\/04\/refuge.jpeg\" alt=\"\" class=\"wp-image-507\" srcset=\"https:\/\/odalie.com\/wp-content\/uploads\/2026\/04\/refuge.jpeg 700w, https:\/\/odalie.com\/wp-content\/uploads\/2026\/04\/refuge-300x225.jpeg 300w\" sizes=\"(max-width: 700px) 100vw, 700px\" \/><\/figure>\n\n\n\n<p class=\"has-text-align-center has-text-color has-link-color has-large-font-size wp-elements-026d67d55887cdae6cb02a1f5670e05a\" style=\"color:#620303\"><strong>par le duo &#8220;a piacere&#8221;<\/strong><\/p>\n\n\n\n<div class=\"wp-block-columns is-layout-flex wp-container-core-columns-layout-3 wp-block-columns-is-layout-flex\">\n<div class=\"wp-block-column is-layout-flow wp-block-column-is-layout-flow\">\n<div class=\"wp-block-columns is-layout-flex wp-container-core-columns-layout-2 wp-block-columns-is-layout-flex\">\n<div class=\"wp-block-column is-layout-flow wp-block-column-is-layout-flow\">\n<div class=\"wp-block-columns is-layout-flex wp-container-core-columns-layout-1 wp-block-columns-is-layout-flex\">\n<div class=\"wp-block-column is-layout-flow wp-block-column-is-layout-flow\">\n<figure class=\"wp-block-image size-large is-resized\"><img loading=\"lazy\" decoding=\"async\" width=\"1024\" height=\"765\" src=\"https:\/\/odalie.com\/wp-content\/uploads\/2026\/04\/baroque-bis-1-1024x765.jpg\" alt=\"\" class=\"wp-image-540\" style=\"width:248px;height:auto\" srcset=\"https:\/\/odalie.com\/wp-content\/uploads\/2026\/04\/baroque-bis-1-1024x765.jpg 1024w, https:\/\/odalie.com\/wp-content\/uploads\/2026\/04\/baroque-bis-1-300x224.jpg 300w, https:\/\/odalie.com\/wp-content\/uploads\/2026\/04\/baroque-bis-1-768x574.jpg 768w, https:\/\/odalie.com\/wp-content\/uploads\/2026\/04\/baroque-bis-1.jpg 1172w\" sizes=\"(max-width: 1024px) 100vw, 1024px\" \/><\/figure>\n<\/div>\n\n\n\n<div class=\"wp-block-column is-layout-flow wp-block-column-is-layout-flow\"><\/div>\n<\/div>\n<\/div>\n\n\n\n<div class=\"wp-block-column is-layout-flow wp-block-column-is-layout-flow\"><\/div>\n<\/div>\n<\/div>\n\n\n\n<div class=\"wp-block-column is-layout-flow wp-block-column-is-layout-flow\">\n<p class=\"has-text-color has-link-color wp-elements-ba1512460b26520b6be78589aa48a21a\" style=\"color:#610202\">Musique et nature, m\u00e9di\u00e9vale et baroque, fl\u00fbte douce et chalumeau, dans un r\u00e9pertoire fran\u00e7ais et allemand.<\/p>\n\n\n\n<p class=\"has-small-font-size\">L&#8217;ensemble se produit avec des r\u00e9pertoires vari\u00e9s, ancien, classique, romantique ou m\u00eame 20\u00e8me si\u00e8cle, sur instruments anciens ou modernes.<\/p>\n<\/div>\n<\/div>\n\n\n\n<p class=\"has-small-font-size\">Le refuge est accessible \u00e0 pied (environ 2h), il est situ\u00e9 sur la commune de Beauvezer (Villars-Heyssier).<\/p>\n\n\n\n<p class=\"has-small-font-size\">Possibilit\u00e9 de monter en 4&#215;4 sur 13km de piste ONF puis 20mn de marche facile. Autorisation n\u00e9cessaire.<\/p>\n\n\n\n<p class=\"has-small-font-size\">Renseignements et autorisation (pour 4&#215;4): 06.62.63.08.28<\/p>\n\n\n\n<p class=\"has-small-font-size\">Informations sur le refuge: cliquer ci-dessous<\/p>\n\n\n\n<div class=\"wp-block-buttons is-layout-flex wp-block-buttons-is-layout-flex\">\n<div class=\"wp-block-button\"><a class=\"wp-block-button__link wp-element-button\" href=\"https:\/\/www.refuges.info\/point\/8784\/cabhttps:\/\/www.onf.fr\/vivre-la-foret\/+\/1ea9::gite-forestier-de-congerman.html\">le refuge<\/a><\/div>\n<\/div>\n\n\n\n<figure class=\"wp-block-image aligncenter size-full is-resized\"><img loading=\"lazy\" decoding=\"async\" width=\"190\" height=\"215\" src=\"https:\/\/odalie.com\/wp-content\/uploads\/2025\/04\/notes-musique-1.png\" alt=\"\" class=\"wp-image-321\" style=\"width:63px;height:auto\"\/><\/figure>\n\n\n\n<p class=\"has-text-align-center has-text-color has-link-color has-x-large-font-size wp-elements-29e866891ec67012e3c7087f985c78d2\" style=\"color:#7b0303\"><strong>Musique arabo-andalouse<\/strong><\/p>\n\n\n\n<p class=\"has-text-align-center has-large-font-size\"><strong>samedi 23 mai \u00e0 20h30<\/strong><\/p>\n\n\n\n<p class=\"has-text-align-center has-text-color has-link-color has-x-large-font-size wp-elements-8561774a5e4f73ed9bb71e66c6ddf644\" style=\"color:#870303\"><strong>Nagham Andalousie<\/strong><\/p>\n\n\n\n<figure class=\"wp-block-image size-large\"><img loading=\"lazy\" decoding=\"async\" width=\"734\" height=\"1024\" src=\"https:\/\/odalie.com\/wp-content\/uploads\/2026\/03\/affiche-nagham-734x1024.jpg\" alt=\"\" class=\"wp-image-491\" srcset=\"https:\/\/odalie.com\/wp-content\/uploads\/2026\/03\/affiche-nagham-734x1024.jpg 734w, https:\/\/odalie.com\/wp-content\/uploads\/2026\/03\/affiche-nagham-215x300.jpg 215w, https:\/\/odalie.com\/wp-content\/uploads\/2026\/03\/affiche-nagham-768x1071.jpg 768w, https:\/\/odalie.com\/wp-content\/uploads\/2026\/03\/affiche-nagham.jpg 801w\" sizes=\"(max-width: 734px) 100vw, 734px\" \/><\/figure>\n\n\n\n<figure class=\"wp-block-image aligncenter size-full is-resized\"><img loading=\"lazy\" decoding=\"async\" width=\"190\" height=\"215\" src=\"https:\/\/odalie.com\/wp-content\/uploads\/2025\/04\/notes-musique-1.png\" alt=\"\" class=\"wp-image-321\" style=\"width:34px;height:auto\"\/><\/figure>\n\n\n\n<figure class=\"wp-block-image size-full\"><img loading=\"lazy\" decoding=\"async\" width=\"779\" height=\"353\" src=\"https:\/\/odalie.com\/wp-content\/uploads\/2026\/03\/texte-Nagham.jpg\" alt=\"\" class=\"wp-image-492\" srcset=\"https:\/\/odalie.com\/wp-content\/uploads\/2026\/03\/texte-Nagham.jpg 779w, https:\/\/odalie.com\/wp-content\/uploads\/2026\/03\/texte-Nagham-300x136.jpg 300w, https:\/\/odalie.com\/wp-content\/uploads\/2026\/03\/texte-Nagham-768x348.jpg 768w\" sizes=\"(max-width: 779px) 100vw, 779px\" \/><\/figure>\n\n\n\n<p class=\"has-small-font-size\"><strong>Amine Benabid, <\/strong>joueur de qanoun form\u00e9 au sein de l\u2019association de musique andalouse \u00ab&nbsp;Les Rossignols d\u2019Alger&nbsp;\u00bb. Il a particip\u00e9 \u00e0 plusieurs ensembles, interpr\u00e9tant diff\u00e9rents r\u00e9pertoires, notamment les musiques gnawi, ra\u00ef et cha\u00e2bi alg\u00e9rien. Install\u00e9 \u00e0 Marseille, il est le fondateur du groupe Chaabawi Groove et le pr\u00e9sident de l\u2019association Nagham Andalousie.<\/p>\n\n\n\n<p class=\"has-small-font-size\"><strong>Sarah Hamitouche<\/strong>, pianiste passionn\u00e9e, form\u00e9e au piano classique dans des conservatoires \u00e0 Alger. Elle a particip\u00e9 \u00e0 des auditions, concours et spectacles musicaux, et poursuis aujourd\u2019hui son parcours artistique \u00e0 Marseille au sein du groupe Nagham Andalousie.<\/p>\n\n\n\n<p class=\"has-small-font-size\"><strong>Jihane Houari<\/strong>, chanteuse et violoniste passionn\u00e9e de musique arabo&nbsp;andalouse, un art qui l\u2019inspire et qu&#8217;elle aime interpr\u00e9ter avec simplicit\u00e9 et sinc\u00e9rit\u00e9. \u00c0 travers sa voix, elle cherche surtout \u00e0 partager l\u2019\u00e9motion et la beaut\u00e9 de ce patrimoine qui la touche profond\u00e9ment.<\/p>\n\n\n\n<p><strong> <\/strong><\/p>\n\n\n\n<p class=\"has-text-align-center\"><\/p>\n\n\n\n<p><em><strong> <\/strong><\/em><\/p>\n\n\n\n<p class=\"has-text-align-center\"><\/p>\n\n\n\n<p><\/p>\n\n\n\n<p><\/p>\n\n\n\n<figure class=\"wp-block-image aligncenter size-full is-resized\"><img loading=\"lazy\" decoding=\"async\" width=\"204\" height=\"130\" src=\"https:\/\/odalie.com\/wp-content\/uploads\/2024\/04\/logo-odalie.png\" alt=\"\" class=\"wp-image-107\" style=\"width:192px;height:auto\"\/><\/figure>\n","protected":false},"excerpt":{"rendered":"<p>Festival &#8220;La Montagne est Jazz&#8221;, du 18 juillet au 22 ao\u00fbt 2026 Journ\u00e9e greffe et taille de fruitiers mercredi 8 avril \u00e0 Saint Lions Le secteur de Saint Lions et Barr\u00eame \u00e9tait r\u00e9put\u00e9 pour ses Perdigones, prunes locales souvent s\u00each\u00e9es, aujourd&#8217;hui presque disparues. Les arbres fruitiers font partie de notre patrimoine culturel. Le greffage et [&hellip;]<\/p>\n","protected":false},"author":1,"featured_media":0,"parent":0,"menu_order":0,"comment_status":"closed","ping_status":"closed","template":"","meta":{"footnotes":""},"_links":{"self":[{"href":"https:\/\/odalie.com\/index.php\/wp-json\/wp\/v2\/pages\/239"}],"collection":[{"href":"https:\/\/odalie.com\/index.php\/wp-json\/wp\/v2\/pages"}],"about":[{"href":"https:\/\/odalie.com\/index.php\/wp-json\/wp\/v2\/types\/page"}],"author":[{"embeddable":true,"href":"https:\/\/odalie.com\/index.php\/wp-json\/wp\/v2\/users\/1"}],"replies":[{"embeddable":true,"href":"https:\/\/odalie.com\/index.php\/wp-json\/wp\/v2\/comments?post=239"}],"version-history":[{"count":40,"href":"https:\/\/odalie.com\/index.php\/wp-json\/wp\/v2\/pages\/239\/revisions"}],"predecessor-version":[{"id":541,"href":"https:\/\/odalie.com\/index.php\/wp-json\/wp\/v2\/pages\/239\/revisions\/541"}],"wp:attachment":[{"href":"https:\/\/odalie.com\/index.php\/wp-json\/wp\/v2\/media?parent=239"}],"curies":[{"name":"wp","href":"https:\/\/api.w.org\/{rel}","templated":true}]}}